) = -o**2 - 8*o - 8. Let c be g(-6). List the prime factors of f(c).
5
Let b(r) be the second derivative of -r**6/40 + r**4/24 + r**2 - r. Let c(i) be the first derivative of b(i). What are the prime factors of c(-1)?
2
Let k be (0/(-3)*-1)/2. Suppose 4*z - u - 48 = k, z + 52 = 5*z - 2*u. What are the prime factors of z?
11
Let r = 120 - 73. Let b = r - 28. Suppose -4*z + b = k, 2 = -2*k + z + 13. List the prime factors of k.
7
Suppose 4*q = 2*q + 4. Suppose 3 = -a + q*a. List the prime factors of a.
3
Let q be ((-3)/2)/((-6)/4). Suppose -a + 0 = -2*g - q, -4*a + 5*g + 16 = 0. Suppose 0 = y + 3 - a. List the prime factors of y.
2, 3
Let i be ((-24)/18)/((-1)/3). Let p = 13 + i. What are the prime factors of p?
17
Let b(f) = -f**2 + 18*f - 16. What are the prime factors of b(16)?
2
Suppose 0 = -2*y - 3*y + 275. What are the prime factors of y?
5, 11
Let o = 153 + -51. Suppose -6*h - o = -9*h. Let a = h + -20. What are the prime factors of a?
2, 7
Let f(j) = -27*j**3 - 3*j**2 - 5*j - 5. What are the prime factors of f(-2)?
11, 19
Let w be (-45)/36*-1*20. Suppose -o = -y - 15, 2*y = -4*o - y + w. What are the prime factors of o?
2, 5
Let f(x) = -35*x - 1. Let y be f(-3). Suppose 4*t - y = -0*t. Let o = 37 - t. What are the prime factors of o?
11
Let f(k) = k**3 + 4*k**2 - 4*k + 6. Let d be f(-5). Suppose -l - 3 = 0, -2*s - 4*l = -d - 5. List the prime factors of s.
3
Suppose 0 = w + 1 + 6. Let v(o) = -o. List the prime factors of v(w).
7
Suppose 0 = -3*j - 38 - 97. Let z = j + 74. List the prime factors of z.
29
Suppose 0 = -2*c - 0 + 6. Suppose -5*w - 8 + 23 = 4*i, 12 = 4*w - i. Let q = w + c. List the prime factors of q.
2, 3
Let u(k) = k**2 - k - 9. Let v be u(8). Suppose -5*c + 267 = v. List the prime factors of c.
2, 11
Let w = 58 - 46. What are the prime factors of w?
2, 3
Suppose q + 3*h = 0, 0 = -3*q - h - 2*h. Suppose q = -r + 4*r + 3*m - 33, 3*r = 5*m + 17. What are the prime factors of r?
3
Suppose 2*v = 4*o - 108, 0*v = 4*o + 5*v - 122. Let h = o - 17. What are the prime factors of h?
11
Let w(a) = 7*a + 2. Let u be w(7). Suppose -v = 2*v - u. List the prime factors of v.
17
Let t(q) = -q**3 + 18*q**2 - 38*q + 8. List the prime factors of t(15).
113
Let m = 945 + -1444. Let v be (-10)/35 - m/7. Suppose -5*r + 2*x = -68, -2*r - x + v = 3*r. What are the prime factors of r?
2, 7
Let z(k) = k**2 + 11*k + 3. Let r be z(-11). Suppose -3*i + 1 - 2 = 5*c, 0 = 2*i + r*c. Suppose m + 1 = i. List the prime factors of m.
2
Let f be 7 + 3/(-2 - 1). Let a = 8 - f. List the prime factors of 8/(a - 2/2).
2
Let l = 107 - 72. What are the prime factors of l?
5, 7
Suppose -w - 6 = -15. What are the prime factors of w?
3
Suppose 553 = 4*o + 3*o. List the prime factors of o.
79
Suppose 0 = 4*a + 2*q - 90, -48 = -3*a + a - 4*q. Suppose 2*x - 5*h = 43, -3*x - 2*h + a = -h. List the prime factors of x.
3
Let p = -10 - -4. List the prime factors of p/24 + 146/8.
2, 3
Let c(l) = -3*l**3 + 6*l**2 + 3*l - 7. Let w(i) = i**3 - i. Let n(a) = -c(a) - 4*w(a). Let o be n(-6). What are the prime factors of (-4 - 5)*-1*o?
3
Let n(o) = o**3 - 8*o**2 - 10*o + 11. Let s be n(9). Suppose -3*h = -2*h - s*p - 18, -5*p = 3*h - 21. Let j = 20 - h. What are the prime factors of j?
2
Let d(t) = 5*t**2 - 10. Let x(u) = -u**2 + 1. Let i(n) = -d(n) - 4*x(n). Let v be i(0). Suppose o - v = 2. List the prime factors of o.
2
Let j = 49 - 20. Suppose 5*y - 2*t = 178, 2*y = -2*t + j + 31. What are the prime factors of y?
2, 17
Let x(v) = v**3 + 20*v**2 - 10*v - 24. What are the prime factors of x(-20)?
2, 11
Let n be 66/4*10/(-15). Let u = n + 5. Let z = u + 13. List the prime factors of z.
7
Let n(l) = -l**3 - 10*l**2 + 14*l + 12. List the prime factors of n(-13).
337
Let d(s) = -s**2 - 10. Suppose i - 3 = -0, 0 = -4*h + 3*i - 9. Let x be d(h). Let k = x + 17. What are the prime factors of k?
7
Let q(z) = 2*z - 4. Let x be q(-4). Let j = 9 - 6. Let d = j - x. List the prime factors of d.
3, 5
Let m(d) = 13*d**3 - 10*d**2 + 18*d. What are the prime factors of m(3)?
3, 5, 7
Let j be (-180)/(-9)*-1*3. What are the prime factors of j/(-3) + -1 + 0?
19
Suppose 3*h + h - 8 = 0. Let g(n) = 3*n - h - n + 2*n. List the prime factors of g(3).
2, 5
List the prime factors of 483/(-12)*-2*2.
7, 23
Let h(k) = k**2 - 4*k - 2. Let o be h(4). Let p(v) = -v**2 + 13*v - 32. Let n be p(13). List the prime factors of ((-104)/n)/(o/(-8)).
13
Suppose n - r - r = 65, 4*r - 224 = -4*n. What are the prime factors of n?
59
Let v(m) = -m**3 - 7*m**2 + 4. Let u = -15 + 8. Let f be v(u). Suppose -s + 2*t = 1, 5*s - f*t + t = 16. List the prime factors of s.
5
Let r(s) = 9*s**3 - 1. Let y be r(1). Suppose 0 = 4*m - 0 - y. What are the prime factors of m?
2
Let r = -39 - -68. What are the prime factors of r?
29
Let x = 1 - -2. Let h = -6 + x. Let w = -1 - h. What are the prime factors of w?
2
Suppose -2*a - 49 = 47. Let s = -31 - a. List the prime factors of s.
17
Let g(f) = f**3 + 3*f**2 - 4*f. Let d be g(-4). Let q = -112 + 120. List the prime factors of 2 + d + (q - 1).
3
Suppose -t = 5*h - 2*t - 600, 3*t = -15. What are the prime factors of h?
7, 17
Let h = 10 - 5. Suppose -h*s = 39 - 104. List the prime factors of s.
13
Let l(x) = -x**3 + 2*x**2 + 3*x + 3. Let j be l(3). Let s(w) = j - 6 + w + w. What are the prime factors of s(4)?
5
Suppose -19 = 41*d - 42*d. What are the prime factors of d?
19
Let y(h) = -h**3 - 4*h**2 - 5*h - 3. What are the prime factors of y(-6)?
3, 11
Let j = 8 + 8. List the prime factors of j.
2
Suppose 3*l - 7*l = -52. Let s = l - -8. Suppose 2*v + 3*j - s = 4*j, -v - 3*j = -21. List the prime factors of v.
2, 3
Suppose -80 = p - 16. Suppose 12*o + 255 + 285 = 0. Let z = o - p. What are the prime factors of z?
19
Let r(z) = z + 14. Suppose -2*g - 2*g = 0. List the prime factors of r(g).
2, 7
Let n(q) = -3*q - 10. Let k be n(-4). Suppose -14 = -k*y + 8. What are the prime factors of y?
11
Suppose 3*z + 40 = 5*z. List the prime factors of (-4 - z/(-4)) + 4.
5
Let i(u) = -u + 7. Let o(d) = -3*d + 14. Let y(t) = 5*i(t) - 2*o(t). List the prime factors of y(7).
2, 7
Let p = 7 - 4. Let i = -1 + p. Suppose -5*m = -3*f + 17, -4*m + i = -2*f + 10. List the prime factors of f.
2, 7
Let u be (-14)/2 - (5 - 3). Let f = 23 - u. List the prime factors of f.
2
What are the prime factors of (-24)/(-9)*9/2?
2, 3
Let m be (-33)/22*14/3. Let c(p) = -8*p - 10. What are the prime factors of c(m)?
2, 23
Let b(o) = o**3 - 15*o**2 + 18*o - 19. List the prime factors of b(15).
251
Let z(s) = 5*s**2 - 2*s + 4. What are the prime factors of z(-6)?
2, 7
Let x be (0 - -6) + (-2)/2. Suppose 2*c - 22 + 8 = x*z, 0 = -5*z - 20. Let p(a) = a**3 + 5*a**2 + 3*a - 4. What are the prime factors of p(c)?
5
Let u be (15/(-10))/((-2)/4). Suppose -8*y + 45 = -u*y. Suppose 4*r - y + 1 = -4*t, -20 = 5*t. What are the prime factors of r?
2, 3
Let t be (-58)/(-18) + 6/(-27). Suppose t*q = -3*m + 7*q + 71, m - 22 = 3*q. Suppose 0*i + 4*y - m = -i, -5*y = -i - 2. What are the prime factors of i?
13
Let l = 13 + -5. Suppose l = v + 2. List the prime factors of v.
2, 3
Let t = -78 + 86. List the prime factors of t.
2
Suppose -9*h + 153 = -8*h. What are the prime factors of h?
3, 17
Suppose -2*b = -2*d + 7 - 1, 0 = -4*d + b + 9. Let g be d - 978/9*6. What are the prime factors of g/(-55) + 2/11?
2, 3
Let v(u) = 32*u**3 + 2*u**2 - u + 1. List the prime factors of v(1).
2, 17
Let v(k) = -21*k - 3. Let g(l) = 7*l + 1. Let o(s) = 7*g(s) + 2*v(s). Let q be o(3). Suppose -q - 5 = -3*f. List the prime factors of f.
3
Suppose 0 = -3*o + o + 26. What are the prime factors of o?
13
Suppose 0*n - 5*w = -4*n + 28, 5*n - 6 = -w. What are the prime factors of n?
2
Suppose -k + 1 = -5. Let q(p) = p**2 - 3*p + 5. List the prime factors of q(k).
23
Suppose v = -2*v - n - 13, -14 = 2*v - 2*n. Let t(h) = -4*h - 1. Let j be t(2). Let s = v - j. What are the prime factors of s?
2
Suppose 5*f + 6 = -5*r + 1, r + 3 = 0. Suppose -j - f*j - 9 = 0. Let s = j + 14. What are the prime factors of s?
11
What are the prime factors of ((-9)/12)/((-5)/220)?
3, 11
List the prime factors of -1*8/(-12)*42.
2, 7
Suppose -2*z - 21 = m - 1, -2*m = -5*z - 5. Let g be -5*(2 + 62/m). Suppose 2*j - g + 1 = 0. List the prime factors of j.
2, 5
Let b be -1 + (2 - (0 - 1)). Su